 + -5?
-153374106
In base 5, what is 20 + -210224142?
-210224122
In base 9, what is -1 + 5177800?
5177788
In base 9, what is -142277 - -22?
-142255
In base 3, what is 12 - 10220021222121212?
-10220021222121200
In base 12, what is -21 - 24b6b79?
-24b6b9a
In base 16, what is 343857e + -6?
3438578
In base 13, what is a4 - -1c671?
1c745
In base 16, what is 3667 + -2b6?
33b1
In base 5, what is -10 + 2001421303?
2001421243
In base 2, what is -11011000000000010 - 1?
-11011000000000011
In base 11, what is 98410 - -33?
98443
In base 8, what is 14 + -17601562?
-17601546
In base 3, what is -20020112 + -211011000?
-1001101112
In base 2, what is -10 - 1011111001000111001100000001?
-1011111001000111001100000011
In base 12, what is b80b8 - -9?
b8105
In base 11, what is -3a17 + 2828?
-119a
In base 11, what is 12 - -1136a050?
1136a062
In base 9, what is -313 + -3818?
-4232
In base 9, what is -3823 - 4408?
-8332
In base 15, what is -cb9dde + 11?
-cb9dcd
In base 7, what is 4 + -562011?
-562004
In base 9, what is -503365 + -10?
-503375
In base 15, what is -2 - -b4565e?
b4565c
In base 8, what is -1231743532 + 0?
-1231743532
In base 7, what is 12 - 204635052?
-204635040
In base 6, what is -105502224 + -4?
-105502232
In base 7, what is -345 + 5321654?
5321306
In base 8, what is 2 + -1767362?
-1767360
In base 14, what is -6 - 46c1d2b?
-46c1d33
In base 16, what is -44c1 + -23f?
-4700
In base 4, what is -331332 - -1210010?
212012
In base 14, what is 6dccb9 + -54?
6dcc65
In base 3, what is -221 + 120221120122000?
120221120121002
In base 8, what is 6120 - 1153?
4745
In base 5, what is -2103132101 + 10?
-2103132041
In base 16, what is 176d1 + 2b?
176fc
In base 8, what is 312071 + -1262?
310607
In base 3, what is -1100012011102211 - 2?
-1100012011102220
In base 4, what is 3011 + -12030033?
-12021022
In base 3, what is 2011002 + -1111122?
122110
In base 16, what is -5d301 + a4?
-5d25d
In base 7, what is -5224 + -1254245?
-1262502
In base 12, what is 652b35 - 3?
652b32
In base 14, what is 1cd9 + -a58?
1281
In base 11, what is 5 + 17a0724?
17a0729
In base 15, what is 5 - ca456a?
-ca4565
In base 9, what is 5 + 524638?
524644
In base 5, what is 104220 + 232202?
341422
In base 11, what is 3163 + 10810?
13973
In base 14, what is 4c0d7 + 140d?
4d506
In base 6, what is 11040 + -124553?
-113513
In base 6, what is 2242121 + 2431?
2244552
In base 3, what is -12 + 1101211221201110?
1101211221201021
In base 10, what is -1 + 701613?
701612
In base 7, what is 5441 - -34105?
42546
In base 9, what is 1327226 - 41?
1327175
In base 10, what is 208 - -1893658?
1893866
In base 6, what is 250552 - -2222?
253214
In base 14, what is -3 - -4d0ad6?
4d0ad3
In base 3, what is -100111 - 1010122220?
-1011000101
In base 4, what is 1113 - -1303031030?
1303032203
In base 3, what is -11010120 + -2110212002?
-2121222122
In base 10, what is 9 - 5385138?
-5385129
In base 14, what is bb2b453 - 3?
bb2b450
In base 11, what is -4 - -14250551?
14250548
In base 3, what is 11121021102 + 102122?
11121201001
In base 5, what is 111 + 113201012?
113201123
In base 3, what is 11010122 - 10210111?
100011
In base 16, what is 4b4 - 9f1?
-53d
In base 10, what is -1996693 + 4?
-1996689
In base 13, what is -78083740 + -1?
-78083741
In base 5, what is -10 - -3441023132?
3441023122
In base 14, what is -13d903 - 7?
-13d90a
In base 8, what is 74252774 - -6?
74253002
In base 10, what is -2708351 + -3?
-2708354
In base 6, what is 23122425 - 3?
23122422
In base 13, what is -5b89 + -6c5?
-6581
In base 9, what is -1214715 + 12?
-1214703
In base 13, what is -248a215 + -8?
-248a220
In base 6, what is -103321513033 - -5?
-103321513024
In base 9, what is 12301 + -302?
11888
In base 5, what is 1043200 - 41013?
1002132
In base 6, what is -21025313 - -4?
-21025305
In base 7, what is 3030 - -145544?
151604
In base 13, what is 869b2b + a2?
869c00
In base 6, what is -235403 + -454?
-240301
In base 11, what is -5422610 + 1?
-542260a
In base 7, what is 53440 - 115?
53322
In base 11, what is -4 + 104861954?
104861950
In base 11, what is 19 + -274240?
-274222
In base 7, what is 216 + -201041435?
-201041216
In base 4, what is -3010202232 - 3?
-3010202301
In base 8, what is 42151 + 2602?
44753
In base 4, what is -22213 + 30121213?
30033000
In base 12, what is -87454b + -a?
-874559
In base 5, what is 214 + 223320010?
223320224
In base 2, what is -111010000110000111001111011 + 1010?
-111010000110000111001110001
In base 12, what is 2 + 9531a2?
9531a4
In base 12, what is -83761 - 47?
-837a8
In base 13, what is -1 - 5261605?
-5261606
In base 3, what is 110112011 - -2002121?
112121202
In base 13, what is 112 - -2b0817?
2b0929
In base 16, what is 129 - -f8b4?
f9dd
In base 2, what is -1111001 + 110111000111111110?
110111000110000101
In base 12, what is 37b5 + -b4b?
2866
In base 10, what is -669 + 455507?
454838
In base 7, what is -66326034 - -3?
-66326031
In base 16, what is -5f5ce5 + -b?
-5f5cf0
In base 3, what is 10121212210201100 - 11?
10121212210201012
In base 7, what is -4423602131 + -1?
-4423602132
In base 11, what is -19 - -350a2782?
350a2764
In base 5, what is 23122 + 32334213?
32412340
In base 3, what is 1 + -122011020202222?
-122011020202221
In base 9, what is 3846 + -1157?
2678
In base 5, what is 44 - 340113034?
-340112440
In base 6, what is -12230145 - -1?
-12230144
In base 12, what is 172b87 - 16?
172b71
In base 8, what is -7337355 - 4?
-7337361
In base 15, what is -9e8d89c + -3?
-9e8d8a0
In base 6, what is -4013410 - -2?
-4013404
In base 15, what is -c - -21087e?
210872
In base 9, what is 455 - -36705?
37261
In base 15, what is 2bb65a2 - 1?
2bb65a1
In base 6, what is -11 - 45425152?
-45425203
In base 4, what is -11 + -100010320123?
-100010320200
In base 11, what is 31 - -9420?
9451
In base 8, what is 5 - 1721617?
-1721612
In base 16, what is -a1d - -de6f?
d452
In base 5, what is -1211 - 233320?
-240031
In base 10, what is 6988355 - -105?
6988460
In base 16, what is 7fbe300 + -3?
7fbe2fd
In base 7, what is -453 - -660036?
656253
In base 2, what is 1110011 + 10111100100010100101100?
10111100100010110011111
In base 3, what is 100 + -202021000001121?
-202021000001021
In base 9, what is -88 - 42245?
-42344
In base 7, what is -36333 - 2644?
-42310
In base 2, what is 1111000 - -1011101001001010110101?
1011101001001100101101
In base 9, what is -56863805 - 1?
-56863806
In base 8, what is -6300144 + 272?
-6277652
In base 6, what is 125140423 - -20?
125140443
In base 16, what is -2fb5269 - 2?
-2fb526b
In base 5, what is 112422 - -2213123?
2331100
In base 6, what is 1 - -3413100430?
3413100431
In base 2, what is -11 + 1001001011111010011010?
1001001011111010010111
In base 6, what is -143351 - -115?
-143232
In base 7, what is 1043 + 21025341?
21026414
In base 3, what is 212211022210 - 210?
212211022000
In base 5, what is -242 - 11422411?
-11423203
In base 6, what is 30023441 - -22?
30023503
In base 12, what is -584086 - -16?
-584070
In base 7, what is 152610 - 46?
152531
In base 13, what is 6c66c1 - 25?
6c6699
In base 14, what is a + -3106c?
-31062
In base 15, what is 292ad + -17?
29296
In base 4, what is 2 - 3200210333?
-3200210331
In base 10, what is -1707447 + 1?
-1707446
In base 8, what is -12407 - -3720?
-6467
In base 4, what is -1333 + 221103302?
221101303
In base 16, what is -1 + -34ad4f0?
-34ad4f1
In base 5, what is 42404 - -4212244?
4310203
In base 4, what is 0 + -32203212010?
-32203212010
In base 9, what is 2854886 - 13?
2854873
In base 12, what is 50619a - -82?
506260
In base 15, what is 148accb3 + -4?
148accae
In base 14, what is -1a + dbda75?
dbda59
In base 15, what is -4 - d59e5?
-d59e9
In base 12, what is -b702303 - 0?
-b702303
In base 16, what is -c9c - eb1?
-1b4d
In base 10, what is -5 + -8007443?
-8007448
In base 6, what is -31335 - -550?
-30345
In base 14, what is -20cc2 + -70?
-20d52
In base 5, what is -4 - 3311201341?
-3311201400
In base 3, what is 1012020 - 212010000102?
-212001211012
In base 5, what is -4003120414 - -324?
-4003120040
In base 11, what is -1991 - -3017?
1136
In base 14, what is 6 - 283a2?
-2839a
In base 4, what is 1011132 + -1213011?
-201213
In base 11, what is 4 + -925430?
-925427
In base 5, what is -2213033 - 22240?
-2240323
In base 5, what is 100010 - -400220?
1000230
In base 3, what is 110200120222121002 - 10?
110